{"id":6,"date":"2023-02-27T08:42:39","date_gmt":"2023-02-27T14:42:39","guid":{"rendered":"https:\/\/jorgesanchez.myddns.me\/?page_id=6"},"modified":"2023-02-27T09:15:14","modified_gmt":"2023-02-27T15:15:14","slug":"canal-youtube","status":"publish","type":"page","link":"https:\/\/jorgesanchez.duckdns.org\/?page_id=6","title":{"rendered":"Canal Youtube"},"content":{"rendered":"<div class=\"pt-cv-wrapper\"><div class=\"pt-cv-view pt-cv-grid pt-cv-colsys\" id=\"pt-cv-view-90551c7fnv\"><div data-id=\"pt-cv-page-1\" class=\"pt-cv-page\" data-cvc=\"3\"><div class=\"col-md-4 col-sm-4 col-xs-12 pt-cv-content-item pt-cv-1-col\" ><div class='pt-cv-ifield'><a href=\"https:\/\/jorgesanchez.duckdns.org\/?p=18\" class=\"_self pt-cv-href-thumbnail pt-cv-thumb-default\" target=\"_self\" ><\/a>\n<h4 class=\"pt-cv-title\"><a href=\"https:\/\/jorgesanchez.duckdns.org\/?p=18\" class=\"_self\" target=\"_self\" >Illusionary Daytime &#8211; Shirfine<\/a><\/h4>\n<div class=\"pt-cv-content\">\n<p>Lo que me ha dejado ver videos en TikTok \ud83d\ude00, descubrir y aprenderme esta maravillosa canci\u00f3n.\ud83d\ude2c<\/p>\n\n\n\n<figure class=\"wp-block-embed aligncenter is-type-video is-provider-youtube wp-block-embed-youtube wp-embed-aspect-16-9 wp-has-aspect-ratio\"><div class=\"wp-block-embed__wrapper\">\n<iframe loading=\"lazy\" title=\"Illusionary Daytime\" width=\"640\" height=\"360\" src=\"https:\/\/www.youtube.com\/embed\/gwbi1ZjTkeY?feature=oembed\" frameborder=\"0\" allow=\"accelerometer; autoplay; clipboard-write; encrypted-media; gyroscope; picture-in-picture; web-share\" referrerpolicy=\"strict-origin-when-cross-origin\" allowfullscreen><\/iframe>\n<\/div><figcaption class=\"wp-element-caption\">Illusionary Daytime &#8211; Shirfine<\/figcaption><\/figure>\n<\/div>\n<div class=\"pt-cv-meta-fields\"><span class=\"entry-date\"> <time datetime=\"2023-02-12T10:00:00-06:00\">12\/02\/2023<\/time><\/span> \/ <span class=\"terms\"> <a href='https:\/\/jorgesanchez.duckdns.org\/?cat=7' title='M\u00fasica' class='pt-cv-tax-musica'>M\u00fasica<\/a>, <a href='https:\/\/jorgesanchez.duckdns.org\/?cat=6' title='V\u00eddeos' class='pt-cv-tax-videos'>V\u00eddeos<\/a><\/span><\/div><\/div><\/div>\n<div class=\"col-md-4 col-sm-4 col-xs-12 pt-cv-content-item pt-cv-1-col\" ><div class='pt-cv-ifield'><a href=\"https:\/\/jorgesanchez.duckdns.org\/?p=16\" class=\"_self pt-cv-href-thumbnail pt-cv-thumb-default\" target=\"_self\" ><\/a>\n<h4 class=\"pt-cv-title\"><a href=\"https:\/\/jorgesanchez.duckdns.org\/?p=16\" class=\"_self\" target=\"_self\" >Clocks &#8211; Coldplay<\/a><\/h4>\n<div class=\"pt-cv-content\">\n<p>Hay canciones que nos recuerdan a ciertos momentos que definen nuestras vidas, cuando algo nos cambi\u00f3, nos toc\u00f3, as\u00ed como unas notas, una secuencia de acordes, un olor, un aroma, nos hace recordar incluso cosas que nuestro subconsciente guard\u00f3 y no nos dimos cuenta, en 2003 cuando escuche esta melod\u00eda defini\u00f3 algo en aquel momento que viv\u00eda, para bien o para mal &#8230; siempre la recordar\u00e9 y ser\u00e1 de mis favoritas.<\/p>\n\n\n\n<p>Me quedo con la idea de reflexionar sobre la obsesi\u00f3n del mundo con el tiempo, y lo que nos conecta con pensar que hay que aprovechar mientras estamos aqu\u00ed, vivos y presentes!<\/p>\n\n\n\n<figure class=\"wp-block-embed aligncenter is-type-video is-provider-youtube wp-block-embed-youtube wp-embed-aspect-16-9 wp-has-aspect-ratio\"><div class=\"wp-block-embed__wrapper\">\n<iframe loading=\"lazy\" title=\"Clocks - Coldplay COVER\" width=\"640\" height=\"360\" src=\"https:\/\/www.youtube.com\/embed\/cL6DOixdcEs?feature=oembed\" frameborder=\"0\" allow=\"accelerometer; autoplay; clipboard-write; encrypted-media; gyroscope; picture-in-picture; web-share\" referrerpolicy=\"strict-origin-when-cross-origin\" allowfullscreen><\/iframe>\n<\/div><figcaption class=\"wp-element-caption\">Clocks &#8211; Coldplay<\/figcaption><\/figure>\n<\/div>\n<div class=\"pt-cv-meta-fields\"><span class=\"entry-date\"> <time datetime=\"2023-02-11T10:00:00-06:00\">11\/02\/2023<\/time><\/span> \/ <span class=\"terms\"> <a href='https:\/\/jorgesanchez.duckdns.org\/?cat=7' title='M\u00fasica' class='pt-cv-tax-musica'>M\u00fasica<\/a>, <a href='https:\/\/jorgesanchez.duckdns.org\/?cat=6' title='V\u00eddeos' class='pt-cv-tax-videos'>V\u00eddeos<\/a><\/span><\/div><\/div><\/div><\/div><\/div><\/div>\n\n\n\n<p><\/p>\n","protected":false},"excerpt":{"rendered":"","protected":false},"author":1,"featured_media":0,"parent":0,"menu_order":4,"comment_status":"closed","ping_status":"closed","template":"templates\/fullwidth.php","meta":{"footnotes":""},"class_list":["post-6","page","type-page","status-publish","hentry"],"_links":{"self":[{"href":"https:\/\/jorgesanchez.duckdns.org\/index.php?rest_route=\/wp\/v2\/pages\/6","targetHints":{"allow":["GET"]}}],"collection":[{"href":"https:\/\/jorgesanchez.duckdns.org\/index.php?rest_route=\/wp\/v2\/pages"}],"about":[{"href":"https:\/\/jorgesanchez.duckdns.org\/index.php?rest_route=\/wp\/v2\/types\/page"}],"author":[{"embeddable":true,"href":"https:\/\/jorgesanchez.duckdns.org\/index.php?rest_route=\/wp\/v2\/users\/1"}],"replies":[{"embeddable":true,"href":"https:\/\/jorgesanchez.duckdns.org\/index.php?rest_route=%2Fwp%2Fv2%2Fcomments&post=6"}],"version-history":[{"count":4,"href":"https:\/\/jorgesanchez.duckdns.org\/index.php?rest_route=\/wp\/v2\/pages\/6\/revisions"}],"predecessor-version":[{"id":31,"href":"https:\/\/jorgesanchez.duckdns.org\/index.php?rest_route=\/wp\/v2\/pages\/6\/revisions\/31"}],"wp:attachment":[{"href":"https:\/\/jorgesanchez.duckdns.org\/index.php?rest_route=%2Fwp%2Fv2%2Fmedia&parent=6"}],"curies":[{"name":"wp","href":"https:\/\/api.w.org\/{rel}","templated":true}]}}